{"id":1650,"date":"2012-12-02T21:06:43","date_gmt":"2012-12-02T21:06:43","guid":{"rendered":"http:\/\/www.escritorescantabros.com\/wp-content\/uploads\/Santamar\u00eda-en-la-presentaci\u00f3n-de-El-\u00e1guila-y-la-lambda.jpg"},"modified":"2012-12-02T21:06:43","modified_gmt":"2012-12-02T21:06:43","slug":"santamaria-en-la-presentacion-de-el-aguila-y-la-lambda","status":"inherit","type":"attachment","link":"https:\/\/www.escritorescantabros.com\/?attachment_id=1650","title":{"rendered":"Santamar\u00eda en la presentaci\u00f3n de El \u00e1guila y la lambda"},"author":1,"comment_status":"open","ping_status":"open","template":"","meta":[],"description":{"rendered":"<p class=\"attachment\"><a href='https:\/\/www.escritorescantabros.com\/wp-content\/uploads\/Santamar\u00eda-en-la-presentaci\u00f3n-de-El-\u00e1guila-y-la-lambda.jpg'><img loading=\"lazy\" decoding=\"async\" width=\"297\" height=\"300\" src=\"https:\/\/www.escritorescantabros.com\/wp-content\/uploads\/Santamar\u00eda-en-la-presentaci\u00f3n-de-El-\u00e1guila-y-la-lambda-297x300.jpg\" class=\"attachment-medium size-medium\" alt=\"\" srcset=\"https:\/\/www.escritorescantabros.com\/wp-content\/uploads\/Santamar\u00eda-en-la-presentaci\u00f3n-de-El-\u00e1guila-y-la-lambda-297x300.jpg 297w, https:\/\/www.escritorescantabros.com\/wp-content\/uploads\/Santamar\u00eda-en-la-presentaci\u00f3n-de-El-\u00e1guila-y-la-lambda.jpg 585w\" sizes=\"(max-width: 297px) 100vw, 297px\" \/><\/a><\/p>\n"},"caption":{"rendered":""},"alt_text":"","media_type":"image","mime_type":"image\/jpeg","media_details":{"width":"585","height":"589","hwstring_small":"height='96' width='95'","file":"Santamar\u00eda-en-la-presentaci\u00f3n-de-El-\u00e1guila-y-la-lambda.jpg","sizes":{"thumbnail":{"file":"Santamar\u00eda-en-la-presentaci\u00f3n-de-El-\u00e1guila-y-la-lambda-150x150.jpg","width":"150","height":"150","source_url":"https:\/\/www.escritorescantabros.com\/wp-content\/uploads\/Santamar\u00eda-en-la-presentaci\u00f3n-de-El-\u00e1guila-y-la-lambda-150x150.jpg"},"medium":{"file":"Santamar\u00eda-en-la-presentaci\u00f3n-de-El-\u00e1guila-y-la-lambda-297x300.jpg","width":"297","height":"300","source_url":"https:\/\/www.escritorescantabros.com\/wp-content\/uploads\/Santamar\u00eda-en-la-presentaci\u00f3n-de-El-\u00e1guila-y-la-lambda-297x300.jpg"},"post-thumbnail":{"file":"Santamar\u00eda-en-la-presentaci\u00f3n-de-El-\u00e1guila-y-la-lambda-585x198.jpg","width":"585","height":"198","source_url":"https:\/\/www.escritorescantabros.com\/wp-content\/uploads\/Santamar\u00eda-en-la-presentaci\u00f3n-de-El-\u00e1guila-y-la-lambda-585x198.jpg"},"full":{"file":"Santamar\u00eda-en-la-presentaci\u00f3n-de-El-\u00e1guila-y-la-lambda.jpg","width":585,"height":589,"mime_type":"image\/jpeg","source_url":"https:\/\/www.escritorescantabros.com\/wp-content\/uploads\/Santamar\u00eda-en-la-presentaci\u00f3n-de-El-\u00e1guila-y-la-lambda.jpg"}},"image_meta":{"aperture":"0","credit":"","camera":"","caption":"","created_timestamp":"0","copyright":"","focal_length":"0","iso":"0","shutter_speed":"0","title":""}},"post":1488,"source_url":"https:\/\/www.escritorescantabros.com\/wp-content\/uploads\/Santamar\u00eda-en-la-presentaci\u00f3n-de-El-\u00e1guila-y-la-lambda.jpg","_links":{"self":[{"href":"https:\/\/www.escritorescantabros.com\/index.php?rest_route=\/wp\/v2\/media\/1650"}],"collection":[{"href":"https:\/\/www.escritorescantabros.com\/index.php?rest_route=\/wp\/v2\/media"}],"about":[{"href":"https:\/\/www.escritorescantabros.com\/index.php?rest_route=\/wp\/v2\/types\/attachment"}],"author":[{"embeddable":true,"href":"https:\/\/www.escritorescantabros.com\/index.php?rest_route=\/wp\/v2\/users\/1"}],"replies":[{"embeddable":true,"href":"https:\/\/www.escritorescantabros.com\/index.php?rest_route=%2Fwp%2Fv2%2Fcomments&post=1650"}]}}

http://www.escritorescantabros.com/wp-content/uploads/Santamaría-en-la-presentación-de-El-águila-y-la-lambda.jpg

Santamaría en la presentación de El águila y la lambda

<p class="attachment"><a href='https://www.escritorescantabros.com/wp-content/uploads/Santamaría-en-la-presentación-de-El-águila-y-la-lambda.jpg'><img loading="lazy" decoding="async" width="297" height="300" src="https://www.escritorescantabros.com/wp-content/uploads/Santamaría-en-la-presentación-de-El-águila-y-la-lambda-297x300.jpg" class="attachment-medium size-medium" alt="" srcset="https://www.escritorescantabros.com/wp-content/uploads/Santamaría-en-la-presentación-de-El-águila-y-la-lambda-297x300.jpg 297w, https://www.escritorescantabros.com/wp-content/uploads/Santamaría-en-la-presentación-de-El-águila-y-la-lambda.jpg 585w" sizes="(max-width: 297px) 100vw, 297px" /></a></p>

Santamaría-en-la-presentación-de-El-águila-y-la-lambda.jpg

Santamaría-en-la-presentación-de-El-águila-y-la-lambda-150x150.jpg

https://www.escritorescantabros.com/wp-content/uploads/Santamaría-en-la-presentación-de-El-águila-y-la-lambda-150x150.jpg

Santamaría-en-la-presentación-de-El-águila-y-la-lambda-297x300.jpg

https://www.escritorescantabros.com/wp-content/uploads/Santamaría-en-la-presentación-de-El-águila-y-la-lambda-297x300.jpg

Santamaría-en-la-presentación-de-El-águila-y-la-lambda-585x198.jpg

https://www.escritorescantabros.com/wp-content/uploads/Santamaría-en-la-presentación-de-El-águila-y-la-lambda-585x198.jpg

https://www.escritorescantabros.com/wp-content/uploads/Santamaría-en-la-presentación-de-El-águila-y-la-lambda.jpg
