{"id":1986,"date":"2013-04-03T20:04:44","date_gmt":"2013-04-03T20:04:44","guid":{"rendered":"http:\/\/www.escritorescantabros.com\/wp-content\/uploads\/Portada-de-La-visi\u00f3n-de-Cantabria-en-el-Semanario-Pintoresco-Espa\u00f1ol-1836-1857.jpg"},"modified":"2013-04-03T20:04:44","modified_gmt":"2013-04-03T20:04:44","slug":"portada-de-la-vision-de-cantabria-en-el-semanario-pintoresco-espanol-1836-1857","status":"inherit","type":"attachment","link":"https:\/\/www.escritorescantabros.com\/?attachment_id=1986","title":{"rendered":"Portada de La visi\u00f3n de Cantabria en el Semanario Pintoresco Espa\u00f1ol (1836-1857)"},"author":1,"comment_status":"open","ping_status":"open","template":"","meta":[],"description":{"rendered":"<p class=\"attachment\"><a href='https:\/\/www.escritorescantabros.com\/wp-content\/uploads\/Portada-de-La-visi\u00f3n-de-Cantabria-en-el-Semanario-Pintoresco-Espa\u00f1ol-1836-1857.jpg'><img loading=\"lazy\" decoding=\"async\" width=\"212\" height=\"300\" src=\"https:\/\/www.escritorescantabros.com\/wp-content\/uploads\/Portada-de-La-visi\u00f3n-de-Cantabria-en-el-Semanario-Pintoresco-Espa\u00f1ol-1836-1857-212x300.jpg\" class=\"attachment-medium size-medium\" alt=\"\" srcset=\"https:\/\/www.escritorescantabros.com\/wp-content\/uploads\/Portada-de-La-visi\u00f3n-de-Cantabria-en-el-Semanario-Pintoresco-Espa\u00f1ol-1836-1857-212x300.jpg 212w, https:\/\/www.escritorescantabros.com\/wp-content\/uploads\/Portada-de-La-visi\u00f3n-de-Cantabria-en-el-Semanario-Pintoresco-Espa\u00f1ol-1836-1857.jpg 283w\" sizes=\"(max-width: 212px) 100vw, 212px\" \/><\/a><\/p>\n"},"caption":{"rendered":""},"alt_text":"","media_type":"image","mime_type":"image\/jpeg","media_details":{"width":"283","height":"399","hwstring_small":"height='96' width='68'","file":"Portada-de-La-visi\u00f3n-de-Cantabria-en-el-Semanario-Pintoresco-Espa\u00f1ol-1836-1857.jpg","sizes":{"thumbnail":{"file":"Portada-de-La-visi\u00f3n-de-Cantabria-en-el-Semanario-Pintoresco-Espa\u00f1ol-1836-1857-150x150.jpg","width":"150","height":"150","source_url":"https:\/\/www.escritorescantabros.com\/wp-content\/uploads\/Portada-de-La-visi\u00f3n-de-Cantabria-en-el-Semanario-Pintoresco-Espa\u00f1ol-1836-1857-150x150.jpg"},"medium":{"file":"Portada-de-La-visi\u00f3n-de-Cantabria-en-el-Semanario-Pintoresco-Espa\u00f1ol-1836-1857-212x300.jpg","width":"212","height":"300","source_url":"https:\/\/www.escritorescantabros.com\/wp-content\/uploads\/Portada-de-La-visi\u00f3n-de-Cantabria-en-el-Semanario-Pintoresco-Espa\u00f1ol-1836-1857-212x300.jpg"},"post-thumbnail":{"file":"Portada-de-La-visi\u00f3n-de-Cantabria-en-el-Semanario-Pintoresco-Espa\u00f1ol-1836-1857-283x198.jpg","width":"283","height":"198","source_url":"https:\/\/www.escritorescantabros.com\/wp-content\/uploads\/Portada-de-La-visi\u00f3n-de-Cantabria-en-el-Semanario-Pintoresco-Espa\u00f1ol-1836-1857-283x198.jpg"},"full":{"file":"Portada-de-La-visi\u00f3n-de-Cantabria-en-el-Semanario-Pintoresco-Espa\u00f1ol-1836-1857.jpg","width":283,"height":399,"mime_type":"image\/jpeg","source_url":"https:\/\/www.escritorescantabros.com\/wp-content\/uploads\/Portada-de-La-visi\u00f3n-de-Cantabria-en-el-Semanario-Pintoresco-Espa\u00f1ol-1836-1857.jpg"}},"image_meta":{"aperture":"0","credit":"","camera":"","caption":"","created_timestamp":"0","copyright":"","focal_length":"0","iso":"0","shutter_speed":"0","title":""}},"post":1985,"source_url":"https:\/\/www.escritorescantabros.com\/wp-content\/uploads\/Portada-de-La-visi\u00f3n-de-Cantabria-en-el-Semanario-Pintoresco-Espa\u00f1ol-1836-1857.jpg","_links":{"self":[{"href":"https:\/\/www.escritorescantabros.com\/index.php?rest_route=\/wp\/v2\/media\/1986"}],"collection":[{"href":"https:\/\/www.escritorescantabros.com\/index.php?rest_route=\/wp\/v2\/media"}],"about":[{"href":"https:\/\/www.escritorescantabros.com\/index.php?rest_route=\/wp\/v2\/types\/attachment"}],"author":[{"embeddable":true,"href":"https:\/\/www.escritorescantabros.com\/index.php?rest_route=\/wp\/v2\/users\/1"}],"replies":[{"embeddable":true,"href":"https:\/\/www.escritorescantabros.com\/index.php?rest_route=%2Fwp%2Fv2%2Fcomments&post=1986"}]}}

http://www.escritorescantabros.com/wp-content/uploads/Portada-de-La-visión-de-Cantabria-en-el-Semanario-Pintoresco-Español-1836-1857.jpg

Portada de La visión de Cantabria en el Semanario Pintoresco Español (1836-1857)

<p class="attachment"><a href='https://www.escritorescantabros.com/wp-content/uploads/Portada-de-La-visión-de-Cantabria-en-el-Semanario-Pintoresco-Español-1836-1857.jpg'><img loading="lazy" decoding="async" width="212" height="300" src="https://www.escritorescantabros.com/wp-content/uploads/Portada-de-La-visión-de-Cantabria-en-el-Semanario-Pintoresco-Español-1836-1857-212x300.jpg" class="attachment-medium size-medium" alt="" srcset="https://www.escritorescantabros.com/wp-content/uploads/Portada-de-La-visión-de-Cantabria-en-el-Semanario-Pintoresco-Español-1836-1857-212x300.jpg 212w, https://www.escritorescantabros.com/wp-content/uploads/Portada-de-La-visión-de-Cantabria-en-el-Semanario-Pintoresco-Español-1836-1857.jpg 283w" sizes="(max-width: 212px) 100vw, 212px" /></a></p>

Portada-de-La-visión-de-Cantabria-en-el-Semanario-Pintoresco-Español-1836-1857.jpg

Portada-de-La-visión-de-Cantabria-en-el-Semanario-Pintoresco-Español-1836-1857-150x150.jpg

https://www.escritorescantabros.com/wp-content/uploads/Portada-de-La-visión-de-Cantabria-en-el-Semanario-Pintoresco-Español-1836-1857-150x150.jpg

Portada-de-La-visión-de-Cantabria-en-el-Semanario-Pintoresco-Español-1836-1857-212x300.jpg

https://www.escritorescantabros.com/wp-content/uploads/Portada-de-La-visión-de-Cantabria-en-el-Semanario-Pintoresco-Español-1836-1857-212x300.jpg

Portada-de-La-visión-de-Cantabria-en-el-Semanario-Pintoresco-Español-1836-1857-283x198.jpg

https://www.escritorescantabros.com/wp-content/uploads/Portada-de-La-visión-de-Cantabria-en-el-Semanario-Pintoresco-Español-1836-1857-283x198.jpg

https://www.escritorescantabros.com/wp-content/uploads/Portada-de-La-visión-de-Cantabria-en-el-Semanario-Pintoresco-Español-1836-1857.jpg
